{"id":13,"date":"2019-04-17T12:54:40","date_gmt":"2019-04-17T10:54:40","guid":{"rendered":"http:\/\/actions-addictions.local\/milieu-professionnel\/?page_id=13"},"modified":"2022-06-01T16:32:00","modified_gmt":"2022-06-01T14:32:00","slug":"outils-guides","status":"publish","type":"page","link":"https:\/\/www.addictaide.fr\/pro\/outils-guides\/","title":{"rendered":"Les fiches pratiques"},"content":{"rendered":"<p>Ici vous trouverez des fiches <strong>illustr\u00e9es t\u00e9l\u00e9chargeables et imprimables <\/strong>pour vous informer sur les addictions en milieu professionnel, mener une d\u00e9marche de pr\u00e9vention et r\u00e9agir vite en cas de situation pr\u00e9occupante.<\/p>\n<p>Pour en savoir plus, <a href=\"https:\/\/www.addictaide.fr\/pro\/presentation-des-fiches-pratiques-addictaide-pro\/\"><strong>consulter la pr\u00e9sentation d\u00e9taill\u00e9e des fiches<\/strong> <\/a>ainsi que <a href=\"https:\/\/www.addictaide.fr\/pro\/sommaire-fiches-pratiques-addictaide\/\"><strong>notre sommaire<\/strong><\/a><strong>.<\/strong><\/p>\n","protected":false},"excerpt":{"rendered":"<p>Ici vous trouverez des fiches illustr\u00e9es t\u00e9l\u00e9chargeables et imprimables pour vous informer sur les addictions en milieu professionnel, mener une d\u00e9marche de pr\u00e9vention et r\u00e9agir vite en cas de situation pr\u00e9occupante. Pour en savoir plus, consulter la pr\u00e9sentation d\u00e9taill\u00e9e des fiches ainsi que notre sommaire.<\/p>\n","protected":false},"author":1,"featured_media":0,"parent":0,"menu_order":0,"comment_status":"closed","ping_status":"closed","template":"page-outils-test.php","meta":{"footnotes":""},"class_list":["post-13","page","type-page","status-publish","hentry"],"yoast_head":"<!-- This site is optimized with the Yoast SEO plugin v27.3 - https:\/\/yoast.com\/product\/yoast-seo-wordpress\/ -->\n<title>Les fiches pratiques - Les addictions en milieu professionnel - Addict&#039;AIDE Pro<\/title>\n<meta name=\"robots\" content=\"index, follow, max-snippet:-1, max-image-preview:large, max-video-preview:-1\" \/>\n<link rel=\"canonical\" href=\"https:\/\/www.addictaide.fr\/pro\/outils-guides\/\" \/>\n<meta property=\"og:locale\" content=\"fr_FR\" \/>\n<meta property=\"og:type\" content=\"article\" \/>\n<meta property=\"og:title\" content=\"Les fiches pratiques - Les addictions en milieu professionnel - Addict&#039;AIDE Pro\" \/>\n<meta property=\"og:description\" content=\"Ici vous trouverez des fiches illustr\u00e9es t\u00e9l\u00e9chargeables et imprimables pour vous informer sur les addictions en milieu professionnel, mener une d\u00e9marche de pr\u00e9vention et r\u00e9agir vite en cas de situation pr\u00e9occupante. Pour en savoir plus, consulter la pr\u00e9sentation d\u00e9taill\u00e9e des fiches ainsi que notre sommaire.\" \/>\n<meta property=\"og:url\" content=\"https:\/\/www.addictaide.fr\/pro\/outils-guides\/\" \/>\n<meta property=\"og:site_name\" content=\"Les addictions en milieu professionnel - Addict&#039;AIDE Pro\" \/>\n<meta property=\"article:modified_time\" content=\"2022-06-01T14:32:00+00:00\" \/>\n<meta property=\"og:image\" content=\"https:\/\/www.addictaide.fr\/pro\/wp-content\/uploads\/sites\/4\/2022\/06\/addictaide-pro.png\" \/>\n\t<meta property=\"og:image:width\" content=\"800\" \/>\n\t<meta property=\"og:image:height\" content=\"450\" \/>\n\t<meta property=\"og:image:type\" content=\"image\/png\" \/>\n<meta name=\"twitter:card\" content=\"summary_large_image\" \/>\n<script type=\"application\/ld+json\" class=\"yoast-schema-graph\">{\"@context\":\"https:\\\/\\\/schema.org\",\"@graph\":[{\"@type\":\"WebPage\",\"@id\":\"https:\\\/\\\/www.addictaide.fr\\\/pro\\\/outils-guides\\\/\",\"url\":\"https:\\\/\\\/www.addictaide.fr\\\/pro\\\/outils-guides\\\/\",\"name\":\"Les fiches pratiques - Les addictions en milieu professionnel - Addict&#039;AIDE Pro\",\"isPartOf\":{\"@id\":\"https:\\\/\\\/www.addictaide.fr\\\/pro\\\/#website\"},\"datePublished\":\"2019-04-17T10:54:40+00:00\",\"dateModified\":\"2022-06-01T14:32:00+00:00\",\"breadcrumb\":{\"@id\":\"https:\\\/\\\/www.addictaide.fr\\\/pro\\\/outils-guides\\\/#breadcrumb\"},\"inLanguage\":\"fr-FR\",\"potentialAction\":[{\"@type\":\"ReadAction\",\"target\":[\"https:\\\/\\\/www.addictaide.fr\\\/pro\\\/outils-guides\\\/\"]}]},{\"@type\":\"BreadcrumbList\",\"@id\":\"https:\\\/\\\/www.addictaide.fr\\\/pro\\\/outils-guides\\\/#breadcrumb\",\"itemListElement\":[{\"@type\":\"ListItem\",\"position\":1,\"name\":\"Accueil\",\"item\":\"https:\\\/\\\/www.addictaide.fr\\\/pro\\\/\"},{\"@type\":\"ListItem\",\"position\":2,\"name\":\"Les fiches pratiques\"}]},{\"@type\":\"WebSite\",\"@id\":\"https:\\\/\\\/www.addictaide.fr\\\/pro\\\/#website\",\"url\":\"https:\\\/\\\/www.addictaide.fr\\\/pro\\\/\",\"name\":\"Les addictions en milieu professionnel - Addict&#039;AIDE Pro\",\"description\":\"Conseils, informations, t\u00e9moignages, actualit\u00e9s... sur les addictions au travail, en entreprises et en milieu professionnel\",\"potentialAction\":[{\"@type\":\"SearchAction\",\"target\":{\"@type\":\"EntryPoint\",\"urlTemplate\":\"https:\\\/\\\/www.addictaide.fr\\\/pro\\\/?s={search_term_string}\"},\"query-input\":{\"@type\":\"PropertyValueSpecification\",\"valueRequired\":true,\"valueName\":\"search_term_string\"}}],\"inLanguage\":\"fr-FR\"}]}<\/script>\n<!-- \/ Yoast SEO plugin. -->","yoast_head_json":{"title":"Les fiches pratiques - Les addictions en milieu professionnel - Addict&#039;AIDE Pro","robots":{"index":"index","follow":"follow","max-snippet":"max-snippet:-1","max-image-preview":"max-image-preview:large","max-video-preview":"max-video-preview:-1"},"canonical":"https:\/\/www.addictaide.fr\/pro\/outils-guides\/","og_locale":"fr_FR","og_type":"article","og_title":"Les fiches pratiques - Les addictions en milieu professionnel - Addict&#039;AIDE Pro","og_description":"Ici vous trouverez des fiches illustr\u00e9es t\u00e9l\u00e9chargeables et imprimables pour vous informer sur les addictions en milieu professionnel, mener une d\u00e9marche de pr\u00e9vention et r\u00e9agir vite en cas de situation pr\u00e9occupante. Pour en savoir plus, consulter la pr\u00e9sentation d\u00e9taill\u00e9e des fiches ainsi que notre sommaire.","og_url":"https:\/\/www.addictaide.fr\/pro\/outils-guides\/","og_site_name":"Les addictions en milieu professionnel - Addict&#039;AIDE Pro","article_modified_time":"2022-06-01T14:32:00+00:00","og_image":[{"width":800,"height":450,"url":"https:\/\/www.addictaide.fr\/pro\/wp-content\/uploads\/sites\/4\/2022\/06\/addictaide-pro.png","type":"image\/png"}],"twitter_card":"summary_large_image","schema":{"@context":"https:\/\/schema.org","@graph":[{"@type":"WebPage","@id":"https:\/\/www.addictaide.fr\/pro\/outils-guides\/","url":"https:\/\/www.addictaide.fr\/pro\/outils-guides\/","name":"Les fiches pratiques - Les addictions en milieu professionnel - Addict&#039;AIDE Pro","isPartOf":{"@id":"https:\/\/www.addictaide.fr\/pro\/#website"},"datePublished":"2019-04-17T10:54:40+00:00","dateModified":"2022-06-01T14:32:00+00:00","breadcrumb":{"@id":"https:\/\/www.addictaide.fr\/pro\/outils-guides\/#breadcrumb"},"inLanguage":"fr-FR","potentialAction":[{"@type":"ReadAction","target":["https:\/\/www.addictaide.fr\/pro\/outils-guides\/"]}]},{"@type":"BreadcrumbList","@id":"https:\/\/www.addictaide.fr\/pro\/outils-guides\/#breadcrumb","itemListElement":[{"@type":"ListItem","position":1,"name":"Accueil","item":"https:\/\/www.addictaide.fr\/pro\/"},{"@type":"ListItem","position":2,"name":"Les fiches pratiques"}]},{"@type":"WebSite","@id":"https:\/\/www.addictaide.fr\/pro\/#website","url":"https:\/\/www.addictaide.fr\/pro\/","name":"Les addictions en milieu professionnel - Addict&#039;AIDE Pro","description":"Conseils, informations, t\u00e9moignages, actualit\u00e9s... sur les addictions au travail, en entreprises et en milieu professionnel","potentialAction":[{"@type":"SearchAction","target":{"@type":"EntryPoint","urlTemplate":"https:\/\/www.addictaide.fr\/pro\/?s={search_term_string}"},"query-input":{"@type":"PropertyValueSpecification","valueRequired":true,"valueName":"search_term_string"}}],"inLanguage":"fr-FR"}]}},"_links":{"self":[{"href":"https:\/\/www.addictaide.fr\/pro\/wp-json\/wp\/v2\/pages\/13","targetHints":{"allow":["GET"]}}],"collection":[{"href":"https:\/\/www.addictaide.fr\/pro\/wp-json\/wp\/v2\/pages"}],"about":[{"href":"https:\/\/www.addictaide.fr\/pro\/wp-json\/wp\/v2\/types\/page"}],"author":[{"embeddable":true,"href":"https:\/\/www.addictaide.fr\/pro\/wp-json\/wp\/v2\/users\/1"}],"replies":[{"embeddable":true,"href":"https:\/\/www.addictaide.fr\/pro\/wp-json\/wp\/v2\/comments?post=13"}],"version-history":[{"count":0,"href":"https:\/\/www.addictaide.fr\/pro\/wp-json\/wp\/v2\/pages\/13\/revisions"}],"wp:attachment":[{"href":"https:\/\/www.addictaide.fr\/pro\/wp-json\/wp\/v2\/media?parent=13"}],"curies":[{"name":"wp","href":"https:\/\/api.w.org\/{rel}","templated":true}]}}