{"id":1460,"date":"2020-02-26T17:01:49","date_gmt":"2020-02-26T16:01:49","guid":{"rendered":"https:\/\/www.addictaide.fr\/pro\/?page_id=1460"},"modified":"2023-07-17T15:13:48","modified_gmt":"2023-07-17T13:13:48","slug":"presentation-des-fiches-pratiques-addictaide-pro","status":"publish","type":"page","link":"https:\/\/www.addictaide.fr\/pro\/presentation-des-fiches-pratiques-addictaide-pro\/","title":{"rendered":"Pr\u00e9sentation des fiches pratiques Addict&rsquo;AIDE Pro"},"content":{"rendered":"<p><img loading=\"lazy\" decoding=\"async\" class=\"aligncenter wp-image-1462\" src=\"https:\/\/www.addictaide.fr\/pro\/wp-content\/uploads\/sites\/4\/2020\/02\/logo-addictaide-pro-2019_11_07-15_17_29-UTC-1.png\" alt=\"\" width=\"345\" height=\"84\" srcset=\"https:\/\/www.addictaide.fr\/pro\/wp-content\/uploads\/sites\/4\/2020\/02\/logo-addictaide-pro-2019_11_07-15_17_29-UTC-1.png 308w, https:\/\/www.addictaide.fr\/pro\/wp-content\/uploads\/sites\/4\/2020\/02\/logo-addictaide-pro-2019_11_07-15_17_29-UTC-1-300x73.png 300w\" sizes=\"auto, (max-width: 345px) 100vw, 345px\" \/><\/p>\n<p>Tous les dirigeants, chefs d\u2019entreprise confront\u00e9s \u00e0 la probl\u00e9matique des conduites addictives savent qu\u2019elles d\u00e9gradent in\u00e9vitablement les conditions et les relations de travail, et donc sa qualit\u00e9. Leur co\u00fbt humain et financier, s\u2019il est difficilement quantifiable, n\u2019en demeure pas moins consid\u00e9rable.<\/p>\n<p>D\u2019ailleurs, 85 % des dirigeants d\u2019entreprises affirment \u00ab\u00a0\u00eatre pr\u00e9occup\u00e9s par les questions de toxicomanies et leurs impacts au travail\u00a0\u00bb<sup>(1)<\/sup><sub>.<\/sub><\/p>\n<p>Des conditions de travail d\u00e9l\u00e9t\u00e8res peuvent aggraver ou d\u00e9clencher une conduite addictive. Elles doivent donc \u00eatre prises en compte.<\/p>\n<p>Il est certes important d\u2019agir en situation de crise. Pour autant, il est encore plus efficace d\u2019avoir mis en place une strat\u00e9gie de pr\u00e9vention en amont. C\u2019est en effet dans l\u2019int\u00e9r\u00eat de l\u2019entreprise, de ses collaborateurs et dirigeants.<\/p>\n<p><strong>Des fiches pratiques pour obtenir des r\u00e9ponses rapides et op\u00e9rationnelles<\/strong><\/p>\n<p>A partir de pr\u00e8s de 70 fiches, gratuites, imprimables, libres d\u2019acc\u00e8s et d\u2019usage, le portail Addict\u2019 AIDE Pro fait le point sur les principales questions que les conduites addictives posent en milieu professionnel.<\/p>\n<p>En 3 \u00e0 10 mn, chaque fiche r\u00e9pond \u00e0 un besoin concret, une question ou une probl\u00e9matique par des conseils, des informations cl\u00e9s ou encore des protocoles \u00e9prouv\u00e9s.<\/p>\n<p><strong>Vous \u00eates employeur ?<\/strong> Ces contenus vous permettent d\u2019organiser votre strat\u00e9gie de pr\u00e9vention, de lancer une campagne de sensibilisation, de prendre en charge un collaborateur en d\u00e9tresse, de mettre \u00e0 jour votre Document unique d\u2019\u00e9valuation des risques professionnels (DUERP) et votre r\u00e8glement int\u00e9rieur.<\/p>\n<p><strong>Vous \u00eates salari\u00e9\/agent ?<\/strong> Ces fiches vous aident \u00e0 faire le point sur vos consommations et\/ou comportements, \u00e0 vous orienter dans le syst\u00e8me de soins, \u00e0 conseiller un coll\u00e8gue concern\u00e9 par une conduite addictive, \u00e0 g\u00e9rer une surcharge de travail, \u00e0 contacter efficacement votre m\u00e9decin du travail, ou encore \u00e0 conna\u00eetre vos droits et devoirs en mati\u00e8re de consommation de substances psychoactives sur votre lieu de travail.<\/p>\n<p><strong>Vous \u00eates m\u00e9decin ou infirmier du travail\u00a0?<\/strong> Ces fiches vous accompagnent dans le rep\u00e9rage et la prise en charge de salari\u00e9s\/agents en difficult\u00e9 ou en d\u00e9tresse, gr\u00e2ce \u00e0 des tests d\u2019auto\u00e9valuation valid\u00e9s sur le plan scientifique et un annuaire de g\u00e9olocalisation des professionnels de sant\u00e9 sp\u00e9cialistes des addictions.<\/p>\n<p>Tabac, alcool, cannabis, coca\u00efne, hyperconnexion, workaholisme, jeu : toutes les addictions sont trait\u00e9es. Des axes d\u2019am\u00e9lioration de l\u2019organisation et de la qualit\u00e9 de vie au travail sont \u00e9galement propos\u00e9s afin de diminuer les risques.<\/p>\n<p>Valid\u00e9es par des experts, sources de solutions, ces fiches apportent une information fiable et constructive en r\u00e9ponse aux difficult\u00e9s pos\u00e9es par les conduites addictives en milieu professionnel.<\/p>\n<p>R\u00e9guli\u00e8rement, Addict\u2019AIDE Pro propose dans sa <a href=\"https:\/\/www.addictaide.fr\/inscription-a-la-newsletter\/\"><strong>newsletter<\/strong> <\/a>et sur sa page <a href=\"https:\/\/www.linkedin.com\/company\/18401367\"><strong>Linkedin<\/strong> <\/a>un focus sur l\u2019une de ces fiches pour vous permettre de vous informer, pr\u00e9venir et agir.<\/p>\n<p>&nbsp;<\/p>\n<p><sup>(1)<\/sup> <em>Source : Enqu\u00eate BVA &#8211; MILDECA\/SIG 2014, Note d\u2019analyse OFDT, 2015<\/em><\/p>\n","protected":false},"excerpt":{"rendered":"<p>Tous les dirigeants, chefs d\u2019entreprise confront\u00e9s \u00e0 la probl\u00e9matique des conduites addictives savent qu\u2019elles d\u00e9gradent in\u00e9vitablement les conditions et les relations de travail, et donc sa qualit\u00e9. Leur co\u00fbt humain et financier, s\u2019il est difficilement quantifiable, n\u2019en demeure pas moins consid\u00e9rable. D\u2019ailleurs, 85 % des dirigeants d\u2019entreprises affirment \u00ab\u00a0\u00eatre pr\u00e9occup\u00e9s par les questions de toxicomanies et leurs impacts au travail\u00a0\u00bb(1). Des conditions de travail d\u00e9l\u00e9t\u00e8res peuvent aggraver ou d\u00e9clencher une conduite addictive. Elles doivent donc \u00eatre prises en compte. Il est certes important d\u2019agir en situation de crise. Pour autant, il est encore plus efficace d\u2019avoir mis en place une strat\u00e9gie de pr\u00e9vention en amont. C\u2019est en effet dans l\u2019int\u00e9r\u00eat de l\u2019entreprise, de ses collaborateurs et dirigeants. Des fiches pratiques pour obtenir des r\u00e9ponses rapides et op\u00e9rationnelles A partir de pr\u00e8s de 70 fiches, gratuites, imprimables, libres d\u2019acc\u00e8s et d\u2019usage, le portail Addict\u2019 AIDE Pro fait le point sur les principales questions que les conduites addictives posent en milieu professionnel. En 3 \u00e0 10 mn, chaque fiche r\u00e9pond \u00e0 un besoin concret, une question ou une probl\u00e9matique par des conseils, des informations cl\u00e9s ou encore des protocoles \u00e9prouv\u00e9s. Vous \u00eates employeur ? Ces contenus vous permettent d\u2019organiser votre strat\u00e9gie de pr\u00e9vention, de lancer une campagne de sensibilisation, de prendre en charge un collaborateur en d\u00e9tresse, de mettre \u00e0 jour votre Document unique d\u2019\u00e9valuation des risques professionnels (DUERP) et votre r\u00e8glement int\u00e9rieur. Vous \u00eates salari\u00e9\/agent ? Ces fiches vous aident \u00e0 faire le point sur vos consommations et\/ou comportements, \u00e0 vous orienter dans le syst\u00e8me de soins, \u00e0 conseiller un coll\u00e8gue concern\u00e9 par une conduite addictive, \u00e0 g\u00e9rer une surcharge de travail, \u00e0 contacter efficacement votre m\u00e9decin du travail, ou encore \u00e0 conna\u00eetre vos droits et devoirs en mati\u00e8re de consommation de substances psychoactives sur votre lieu de travail. Vous \u00eates [&hellip;]<\/p>\n","protected":false},"author":2,"featured_media":0,"parent":0,"menu_order":0,"comment_status":"closed","ping_status":"closed","template":"","meta":{"footnotes":""},"class_list":["post-1460","page","type-page","status-publish","hentry"],"yoast_head":"<!-- This site is optimized with the Yoast SEO plugin v27.3 - https:\/\/yoast.com\/product\/yoast-seo-wordpress\/ -->\n<title>Pr\u00e9sentation des fiches pratiques Addict&#039;AIDE Pro - Les addictions en milieu professionnel - Addict&#039;AIDE Pro<\/title>\n<meta name=\"robots\" content=\"index, follow, max-snippet:-1, max-image-preview:large, max-video-preview:-1\" \/>\n<link rel=\"canonical\" href=\"https:\/\/www.addictaide.fr\/pro\/presentation-des-fiches-pratiques-addictaide-pro\/\" \/>\n<meta property=\"og:locale\" content=\"fr_FR\" \/>\n<meta property=\"og:type\" content=\"article\" \/>\n<meta property=\"og:title\" content=\"Pr\u00e9sentation des fiches pratiques Addict&#039;AIDE Pro - Les addictions en milieu professionnel - Addict&#039;AIDE Pro\" \/>\n<meta property=\"og:description\" content=\"Tous les dirigeants, chefs d\u2019entreprise confront\u00e9s \u00e0 la probl\u00e9matique des conduites addictives savent qu\u2019elles d\u00e9gradent in\u00e9vitablement les conditions et les relations de travail, et donc sa qualit\u00e9. Leur co\u00fbt humain et financier, s\u2019il est difficilement quantifiable, n\u2019en demeure pas moins consid\u00e9rable. D\u2019ailleurs, 85 % des dirigeants d\u2019entreprises affirment \u00ab\u00a0\u00eatre pr\u00e9occup\u00e9s par les questions de toxicomanies et leurs impacts au travail\u00a0\u00bb(1). Des conditions de travail d\u00e9l\u00e9t\u00e8res peuvent aggraver ou d\u00e9clencher une conduite addictive. Elles doivent donc \u00eatre prises en compte. Il est certes important d\u2019agir en situation de crise. Pour autant, il est encore plus efficace d\u2019avoir mis en place une strat\u00e9gie de pr\u00e9vention en amont. C\u2019est en effet dans l\u2019int\u00e9r\u00eat de l\u2019entreprise, de ses collaborateurs et dirigeants. Des fiches pratiques pour obtenir des r\u00e9ponses rapides et op\u00e9rationnelles A partir de pr\u00e8s de 70 fiches, gratuites, imprimables, libres d\u2019acc\u00e8s et d\u2019usage, le portail Addict\u2019 AIDE Pro fait le point sur les principales questions que les conduites addictives posent en milieu professionnel. En 3 \u00e0 10 mn, chaque fiche r\u00e9pond \u00e0 un besoin concret, une question ou une probl\u00e9matique par des conseils, des informations cl\u00e9s ou encore des protocoles \u00e9prouv\u00e9s. Vous \u00eates employeur ? Ces contenus vous permettent d\u2019organiser votre strat\u00e9gie de pr\u00e9vention, de lancer une campagne de sensibilisation, de prendre en charge un collaborateur en d\u00e9tresse, de mettre \u00e0 jour votre Document unique d\u2019\u00e9valuation des risques professionnels (DUERP) et votre r\u00e8glement int\u00e9rieur. Vous \u00eates salari\u00e9\/agent ? Ces fiches vous aident \u00e0 faire le point sur vos consommations et\/ou comportements, \u00e0 vous orienter dans le syst\u00e8me de soins, \u00e0 conseiller un coll\u00e8gue concern\u00e9 par une conduite addictive, \u00e0 g\u00e9rer une surcharge de travail, \u00e0 contacter efficacement votre m\u00e9decin du travail, ou encore \u00e0 conna\u00eetre vos droits et devoirs en mati\u00e8re de consommation de substances psychoactives sur votre lieu de travail. Vous \u00eates [&hellip;]\" \/>\n<meta property=\"og:url\" content=\"https:\/\/www.addictaide.fr\/pro\/presentation-des-fiches-pratiques-addictaide-pro\/\" \/>\n<meta property=\"og:site_name\" content=\"Les addictions en milieu professionnel - Addict&#039;AIDE Pro\" \/>\n<meta property=\"article:modified_time\" content=\"2023-07-17T13:13:48+00:00\" \/>\n<meta property=\"og:image\" content=\"https:\/\/www.addictaide.fr\/pro\/wp-content\/uploads\/sites\/4\/2020\/02\/logo-addictaide-pro-2019_11_07-15_17_29-UTC-1.png\" \/>\n<meta name=\"twitter:card\" content=\"summary_large_image\" \/>\n<meta name=\"twitter:label1\" content=\"Dur\u00e9e de lecture estim\u00e9e\" \/>\n\t<meta name=\"twitter:data1\" content=\"3 minutes\" \/>\n<script type=\"application\/ld+json\" class=\"yoast-schema-graph\">{\"@context\":\"https:\\\/\\\/schema.org\",\"@graph\":[{\"@type\":\"WebPage\",\"@id\":\"https:\\\/\\\/www.addictaide.fr\\\/pro\\\/presentation-des-fiches-pratiques-addictaide-pro\\\/\",\"url\":\"https:\\\/\\\/www.addictaide.fr\\\/pro\\\/presentation-des-fiches-pratiques-addictaide-pro\\\/\",\"name\":\"Pr\u00e9sentation des fiches pratiques Addict'AIDE Pro - Les addictions en milieu professionnel - Addict&#039;AIDE Pro\",\"isPartOf\":{\"@id\":\"https:\\\/\\\/www.addictaide.fr\\\/pro\\\/#website\"},\"primaryImageOfPage\":{\"@id\":\"https:\\\/\\\/www.addictaide.fr\\\/pro\\\/presentation-des-fiches-pratiques-addictaide-pro\\\/#primaryimage\"},\"image\":{\"@id\":\"https:\\\/\\\/www.addictaide.fr\\\/pro\\\/presentation-des-fiches-pratiques-addictaide-pro\\\/#primaryimage\"},\"thumbnailUrl\":\"https:\\\/\\\/www.addictaide.fr\\\/pro\\\/wp-content\\\/uploads\\\/sites\\\/4\\\/2020\\\/02\\\/logo-addictaide-pro-2019_11_07-15_17_29-UTC-1.png\",\"datePublished\":\"2020-02-26T16:01:49+00:00\",\"dateModified\":\"2023-07-17T13:13:48+00:00\",\"breadcrumb\":{\"@id\":\"https:\\\/\\\/www.addictaide.fr\\\/pro\\\/presentation-des-fiches-pratiques-addictaide-pro\\\/#breadcrumb\"},\"inLanguage\":\"fr-FR\",\"potentialAction\":[{\"@type\":\"ReadAction\",\"target\":[\"https:\\\/\\\/www.addictaide.fr\\\/pro\\\/presentation-des-fiches-pratiques-addictaide-pro\\\/\"]}]},{\"@type\":\"ImageObject\",\"inLanguage\":\"fr-FR\",\"@id\":\"https:\\\/\\\/www.addictaide.fr\\\/pro\\\/presentation-des-fiches-pratiques-addictaide-pro\\\/#primaryimage\",\"url\":\"https:\\\/\\\/www.addictaide.fr\\\/pro\\\/wp-content\\\/uploads\\\/sites\\\/4\\\/2020\\\/02\\\/logo-addictaide-pro-2019_11_07-15_17_29-UTC-1.png\",\"contentUrl\":\"https:\\\/\\\/www.addictaide.fr\\\/pro\\\/wp-content\\\/uploads\\\/sites\\\/4\\\/2020\\\/02\\\/logo-addictaide-pro-2019_11_07-15_17_29-UTC-1.png\",\"width\":308,\"height\":75},{\"@type\":\"BreadcrumbList\",\"@id\":\"https:\\\/\\\/www.addictaide.fr\\\/pro\\\/presentation-des-fiches-pratiques-addictaide-pro\\\/#breadcrumb\",\"itemListElement\":[{\"@type\":\"ListItem\",\"position\":1,\"name\":\"Accueil\",\"item\":\"https:\\\/\\\/www.addictaide.fr\\\/pro\\\/\"},{\"@type\":\"ListItem\",\"position\":2,\"name\":\"Pr\u00e9sentation des fiches pratiques Addict&rsquo;AIDE Pro\"}]},{\"@type\":\"WebSite\",\"@id\":\"https:\\\/\\\/www.addictaide.fr\\\/pro\\\/#website\",\"url\":\"https:\\\/\\\/www.addictaide.fr\\\/pro\\\/\",\"name\":\"Les addictions en milieu professionnel - Addict&#039;AIDE Pro\",\"description\":\"Conseils, informations, t\u00e9moignages, actualit\u00e9s... sur les addictions au travail, en entreprises et en milieu professionnel\",\"potentialAction\":[{\"@type\":\"SearchAction\",\"target\":{\"@type\":\"EntryPoint\",\"urlTemplate\":\"https:\\\/\\\/www.addictaide.fr\\\/pro\\\/?s={search_term_string}\"},\"query-input\":{\"@type\":\"PropertyValueSpecification\",\"valueRequired\":true,\"valueName\":\"search_term_string\"}}],\"inLanguage\":\"fr-FR\"}]}<\/script>\n<!-- \/ Yoast SEO plugin. -->","yoast_head_json":{"title":"Pr\u00e9sentation des fiches pratiques Addict'AIDE Pro - Les addictions en milieu professionnel - Addict&#039;AIDE Pro","robots":{"index":"index","follow":"follow","max-snippet":"max-snippet:-1","max-image-preview":"max-image-preview:large","max-video-preview":"max-video-preview:-1"},"canonical":"https:\/\/www.addictaide.fr\/pro\/presentation-des-fiches-pratiques-addictaide-pro\/","og_locale":"fr_FR","og_type":"article","og_title":"Pr\u00e9sentation des fiches pratiques Addict'AIDE Pro - Les addictions en milieu professionnel - Addict&#039;AIDE Pro","og_description":"Tous les dirigeants, chefs d\u2019entreprise confront\u00e9s \u00e0 la probl\u00e9matique des conduites addictives savent qu\u2019elles d\u00e9gradent in\u00e9vitablement les conditions et les relations de travail, et donc sa qualit\u00e9. Leur co\u00fbt humain et financier, s\u2019il est difficilement quantifiable, n\u2019en demeure pas moins consid\u00e9rable. D\u2019ailleurs, 85 % des dirigeants d\u2019entreprises affirment \u00ab\u00a0\u00eatre pr\u00e9occup\u00e9s par les questions de toxicomanies et leurs impacts au travail\u00a0\u00bb(1). Des conditions de travail d\u00e9l\u00e9t\u00e8res peuvent aggraver ou d\u00e9clencher une conduite addictive. Elles doivent donc \u00eatre prises en compte. Il est certes important d\u2019agir en situation de crise. Pour autant, il est encore plus efficace d\u2019avoir mis en place une strat\u00e9gie de pr\u00e9vention en amont. C\u2019est en effet dans l\u2019int\u00e9r\u00eat de l\u2019entreprise, de ses collaborateurs et dirigeants. Des fiches pratiques pour obtenir des r\u00e9ponses rapides et op\u00e9rationnelles A partir de pr\u00e8s de 70 fiches, gratuites, imprimables, libres d\u2019acc\u00e8s et d\u2019usage, le portail Addict\u2019 AIDE Pro fait le point sur les principales questions que les conduites addictives posent en milieu professionnel. En 3 \u00e0 10 mn, chaque fiche r\u00e9pond \u00e0 un besoin concret, une question ou une probl\u00e9matique par des conseils, des informations cl\u00e9s ou encore des protocoles \u00e9prouv\u00e9s. Vous \u00eates employeur ? Ces contenus vous permettent d\u2019organiser votre strat\u00e9gie de pr\u00e9vention, de lancer une campagne de sensibilisation, de prendre en charge un collaborateur en d\u00e9tresse, de mettre \u00e0 jour votre Document unique d\u2019\u00e9valuation des risques professionnels (DUERP) et votre r\u00e8glement int\u00e9rieur. Vous \u00eates salari\u00e9\/agent ? Ces fiches vous aident \u00e0 faire le point sur vos consommations et\/ou comportements, \u00e0 vous orienter dans le syst\u00e8me de soins, \u00e0 conseiller un coll\u00e8gue concern\u00e9 par une conduite addictive, \u00e0 g\u00e9rer une surcharge de travail, \u00e0 contacter efficacement votre m\u00e9decin du travail, ou encore \u00e0 conna\u00eetre vos droits et devoirs en mati\u00e8re de consommation de substances psychoactives sur votre lieu de travail. Vous \u00eates [&hellip;]","og_url":"https:\/\/www.addictaide.fr\/pro\/presentation-des-fiches-pratiques-addictaide-pro\/","og_site_name":"Les addictions en milieu professionnel - Addict&#039;AIDE Pro","article_modified_time":"2023-07-17T13:13:48+00:00","og_image":[{"url":"https:\/\/www.addictaide.fr\/pro\/wp-content\/uploads\/sites\/4\/2020\/02\/logo-addictaide-pro-2019_11_07-15_17_29-UTC-1.png","type":"","width":"","height":""}],"twitter_card":"summary_large_image","twitter_misc":{"Dur\u00e9e de lecture estim\u00e9e":"3 minutes"},"schema":{"@context":"https:\/\/schema.org","@graph":[{"@type":"WebPage","@id":"https:\/\/www.addictaide.fr\/pro\/presentation-des-fiches-pratiques-addictaide-pro\/","url":"https:\/\/www.addictaide.fr\/pro\/presentation-des-fiches-pratiques-addictaide-pro\/","name":"Pr\u00e9sentation des fiches pratiques Addict'AIDE Pro - Les addictions en milieu professionnel - Addict&#039;AIDE Pro","isPartOf":{"@id":"https:\/\/www.addictaide.fr\/pro\/#website"},"primaryImageOfPage":{"@id":"https:\/\/www.addictaide.fr\/pro\/presentation-des-fiches-pratiques-addictaide-pro\/#primaryimage"},"image":{"@id":"https:\/\/www.addictaide.fr\/pro\/presentation-des-fiches-pratiques-addictaide-pro\/#primaryimage"},"thumbnailUrl":"https:\/\/www.addictaide.fr\/pro\/wp-content\/uploads\/sites\/4\/2020\/02\/logo-addictaide-pro-2019_11_07-15_17_29-UTC-1.png","datePublished":"2020-02-26T16:01:49+00:00","dateModified":"2023-07-17T13:13:48+00:00","breadcrumb":{"@id":"https:\/\/www.addictaide.fr\/pro\/presentation-des-fiches-pratiques-addictaide-pro\/#breadcrumb"},"inLanguage":"fr-FR","potentialAction":[{"@type":"ReadAction","target":["https:\/\/www.addictaide.fr\/pro\/presentation-des-fiches-pratiques-addictaide-pro\/"]}]},{"@type":"ImageObject","inLanguage":"fr-FR","@id":"https:\/\/www.addictaide.fr\/pro\/presentation-des-fiches-pratiques-addictaide-pro\/#primaryimage","url":"https:\/\/www.addictaide.fr\/pro\/wp-content\/uploads\/sites\/4\/2020\/02\/logo-addictaide-pro-2019_11_07-15_17_29-UTC-1.png","contentUrl":"https:\/\/www.addictaide.fr\/pro\/wp-content\/uploads\/sites\/4\/2020\/02\/logo-addictaide-pro-2019_11_07-15_17_29-UTC-1.png","width":308,"height":75},{"@type":"BreadcrumbList","@id":"https:\/\/www.addictaide.fr\/pro\/presentation-des-fiches-pratiques-addictaide-pro\/#breadcrumb","itemListElement":[{"@type":"ListItem","position":1,"name":"Accueil","item":"https:\/\/www.addictaide.fr\/pro\/"},{"@type":"ListItem","position":2,"name":"Pr\u00e9sentation des fiches pratiques Addict&rsquo;AIDE Pro"}]},{"@type":"WebSite","@id":"https:\/\/www.addictaide.fr\/pro\/#website","url":"https:\/\/www.addictaide.fr\/pro\/","name":"Les addictions en milieu professionnel - Addict&#039;AIDE Pro","description":"Conseils, informations, t\u00e9moignages, actualit\u00e9s... sur les addictions au travail, en entreprises et en milieu professionnel","potentialAction":[{"@type":"SearchAction","target":{"@type":"EntryPoint","urlTemplate":"https:\/\/www.addictaide.fr\/pro\/?s={search_term_string}"},"query-input":{"@type":"PropertyValueSpecification","valueRequired":true,"valueName":"search_term_string"}}],"inLanguage":"fr-FR"}]}},"_links":{"self":[{"href":"https:\/\/www.addictaide.fr\/pro\/wp-json\/wp\/v2\/pages\/1460","targetHints":{"allow":["GET"]}}],"collection":[{"href":"https:\/\/www.addictaide.fr\/pro\/wp-json\/wp\/v2\/pages"}],"about":[{"href":"https:\/\/www.addictaide.fr\/pro\/wp-json\/wp\/v2\/types\/page"}],"author":[{"embeddable":true,"href":"https:\/\/www.addictaide.fr\/pro\/wp-json\/wp\/v2\/users\/2"}],"replies":[{"embeddable":true,"href":"https:\/\/www.addictaide.fr\/pro\/wp-json\/wp\/v2\/comments?post=1460"}],"version-history":[{"count":0,"href":"https:\/\/www.addictaide.fr\/pro\/wp-json\/wp\/v2\/pages\/1460\/revisions"}],"wp:attachment":[{"href":"https:\/\/www.addictaide.fr\/pro\/wp-json\/wp\/v2\/media?parent=1460"}],"curies":[{"name":"wp","href":"https:\/\/api.w.org\/{rel}","templated":true}]}}