{"id":2232,"date":"2022-05-10T15:04:21","date_gmt":"2022-05-10T13:04:21","guid":{"rendered":"https:\/\/www.addictaide.fr\/pro\/?page_id=2232"},"modified":"2022-05-10T15:04:21","modified_gmt":"2022-05-10T13:04:21","slug":"mentions-legales","status":"publish","type":"page","link":"https:\/\/www.addictaide.fr\/pro\/mentions-legales\/","title":{"rendered":"Mentions l\u00e9gales"},"content":{"rendered":"<h2>Informations<\/h2>\n<p>Le site Addict\u2019Aide est \u00e9dit\u00e9 par le fonds de dotation Addict&rsquo;Aide\u2013 <a href=\"http:\/\/actions-addictions.org\">http:\/\/actions-addictions.org<\/a>. Cr\u00e9ation au journal officiel du 2 ao\u00fbt 2014<br \/>\nAdresse : 62 &#8211; 68 rue Jeanne d&rsquo;Arc 75013<br \/>\nMail : contact@addict-aide.org<\/p>\n<h2>Conditions d\u2019utilisation<\/h2>\n<p>La reproduction ou la repr\u00e9sentation des contenus publi\u00e9s sur Addict\u2019Aide doit s\u2019effectuer dans le respect du code de la propri\u00e9t\u00e9 intellectuelle, notamment des r\u00e8gles protectrices des droits d\u2019auteur. Toute r\u00e9utilisation autoris\u00e9e doit porter la mention explicite du nom de l\u2019auteur et\/ou de la source dont le document est tir\u00e9. Cela concerne notamment les textes et images issus de sources ext\u00e9rieures, qui restent la propri\u00e9t\u00e9 intellectuelle de leurs producteurs.<\/p>\n<p>Les informations disponibles sur ce site web sont non contractuelles et sujettes \u00e0 modification sans pr\u00e9avis. Les caract\u00e9ristiques et la disponibilit\u00e9 des services mentionn\u00e9s dans ce service web sont valables pour le pays suivant : France. Les informations accessibles sur le site ne peuvent en aucun cas \u00eatre consid\u00e9r\u00e9es comme une consultation, et les tests et autres ressources sont \u00e0 utiliser sous la seule et enti\u00e8re responsabilit\u00e9 et contr\u00f4le de l\u2019internaute.<\/p>\n<p>Le fonds Addict&rsquo;Aide ne pourra en aucun cas \u00eatre tenu pour responsable de dommages de quelque nature que ce soit li\u00e9s \u00e0 la consultation ou \u00e0 l\u2019utilisation du site web par l\u2019utilisateur. Des liens hypertextes peuvent renvoyer vers des sites tiers sur lesquels Addict&rsquo;Aide n\u2019exerce aucun contr\u00f4le. Addict&rsquo;Aide d\u00e9gage toute responsabilit\u00e9 quant au contenu de ces sites.<br \/>\nAddict\u2019Aide r\u00e9unit des informations et points de vues vari\u00e9s, aliment\u00e9s par divers contributeurs partenaires, afin d\u2019enrichir le d\u00e9bat sur les addictions ; les contenus publi\u00e9s ne refl\u00e8tent pas n\u00e9cessairement les opinions du Fonds Addict&rsquo;Aide.<\/p>\n<h2>Cr\u00e9ation<\/h2>\n<p><a href=\"http:\/\/www.clair-et-net.com\">Agence web Clair et Net. \/ Paris<br \/>\nhttp:\/\/www.clair-et-net.com<\/a><br \/>\n7, rue Sainte F\u00e9licit\u00e9 &#8211; 75015 Paris \u2013 France<\/p>\n<h2>H\u00e9bergement<\/h2>\n<p>Le site Addict\u2019Aide est h\u00e9berg\u00e9 aupr\u00e8s de la soci\u00e9t\u00e9 OVH<br \/>\nSi\u00e8ge social : 2 rue Kellermann &#8211; 59100 Roubaix \u2013 France<\/p>\n","protected":false},"excerpt":{"rendered":"<p>Informations Le site Addict\u2019Aide est \u00e9dit\u00e9 par le fonds de dotation Addict&rsquo;Aide\u2013 http:\/\/actions-addictions.org. Cr\u00e9ation au journal officiel du 2 ao\u00fbt 2014 Adresse : 62 &#8211; 68 rue Jeanne d&rsquo;Arc 75013 Mail : contact@addict-aide.org Conditions d\u2019utilisation La reproduction ou la repr\u00e9sentation des contenus publi\u00e9s sur Addict\u2019Aide doit s\u2019effectuer dans le respect du code de la propri\u00e9t\u00e9 intellectuelle, notamment des r\u00e8gles protectrices des droits d\u2019auteur. Toute r\u00e9utilisation autoris\u00e9e doit porter la mention explicite du nom de l\u2019auteur et\/ou de la source dont le document est tir\u00e9. Cela concerne notamment les textes et images issus de sources ext\u00e9rieures, qui restent la propri\u00e9t\u00e9 intellectuelle de leurs producteurs. Les informations disponibles sur ce site web sont non contractuelles et sujettes \u00e0 modification sans pr\u00e9avis. Les caract\u00e9ristiques et la disponibilit\u00e9 des services mentionn\u00e9s dans ce service web sont valables pour le pays suivant : France. Les informations accessibles sur le site ne peuvent en aucun cas \u00eatre consid\u00e9r\u00e9es comme une consultation, et les tests et autres ressources sont \u00e0 utiliser sous la seule et enti\u00e8re responsabilit\u00e9 et contr\u00f4le de l\u2019internaute. Le fonds Addict&rsquo;Aide ne pourra en aucun cas \u00eatre tenu pour responsable de dommages de quelque nature que ce soit li\u00e9s \u00e0 la consultation ou \u00e0 l\u2019utilisation du site web par l\u2019utilisateur. Des liens hypertextes peuvent renvoyer vers des sites tiers sur lesquels Addict&rsquo;Aide n\u2019exerce aucun contr\u00f4le. Addict&rsquo;Aide d\u00e9gage toute responsabilit\u00e9 quant au contenu de ces sites. Addict\u2019Aide r\u00e9unit des informations et points de vues vari\u00e9s, aliment\u00e9s par divers contributeurs partenaires, afin d\u2019enrichir le d\u00e9bat sur les addictions ; les contenus publi\u00e9s ne refl\u00e8tent pas n\u00e9cessairement les opinions du Fonds Addict&rsquo;Aide. Cr\u00e9ation Agence web Clair et Net. \/ Paris http:\/\/www.clair-et-net.com 7, rue Sainte F\u00e9licit\u00e9 &#8211; 75015 Paris \u2013 France H\u00e9bergement Le site Addict\u2019Aide est h\u00e9berg\u00e9 aupr\u00e8s de la soci\u00e9t\u00e9 OVH Si\u00e8ge social : 2 rue Kellermann [&hellip;]<\/p>\n","protected":false},"author":2,"featured_media":0,"parent":0,"menu_order":0,"comment_status":"closed","ping_status":"closed","template":"","meta":{"footnotes":""},"class_list":["post-2232","page","type-page","status-publish","hentry"],"yoast_head":"<!-- This site is optimized with the Yoast SEO plugin v27.3 - https:\/\/yoast.com\/product\/yoast-seo-wordpress\/ -->\n<title>Mentions l\u00e9gales - Les addictions en milieu professionnel - Addict&#039;AIDE Pro<\/title>\n<meta name=\"robots\" content=\"index, follow, max-snippet:-1, max-image-preview:large, max-video-preview:-1\" \/>\n<link rel=\"canonical\" href=\"https:\/\/www.addictaide.fr\/pro\/mentions-legales\/\" \/>\n<meta property=\"og:locale\" content=\"fr_FR\" \/>\n<meta property=\"og:type\" content=\"article\" \/>\n<meta property=\"og:title\" content=\"Mentions l\u00e9gales - Les addictions en milieu professionnel - Addict&#039;AIDE Pro\" \/>\n<meta property=\"og:description\" content=\"Informations Le site Addict\u2019Aide est \u00e9dit\u00e9 par le fonds de dotation Addict&rsquo;Aide\u2013 http:\/\/actions-addictions.org. Cr\u00e9ation au journal officiel du 2 ao\u00fbt 2014 Adresse : 62 &#8211; 68 rue Jeanne d&rsquo;Arc 75013 Mail : contact@addict-aide.org Conditions d\u2019utilisation La reproduction ou la repr\u00e9sentation des contenus publi\u00e9s sur Addict\u2019Aide doit s\u2019effectuer dans le respect du code de la propri\u00e9t\u00e9 intellectuelle, notamment des r\u00e8gles protectrices des droits d\u2019auteur. Toute r\u00e9utilisation autoris\u00e9e doit porter la mention explicite du nom de l\u2019auteur et\/ou de la source dont le document est tir\u00e9. Cela concerne notamment les textes et images issus de sources ext\u00e9rieures, qui restent la propri\u00e9t\u00e9 intellectuelle de leurs producteurs. Les informations disponibles sur ce site web sont non contractuelles et sujettes \u00e0 modification sans pr\u00e9avis. Les caract\u00e9ristiques et la disponibilit\u00e9 des services mentionn\u00e9s dans ce service web sont valables pour le pays suivant : France. Les informations accessibles sur le site ne peuvent en aucun cas \u00eatre consid\u00e9r\u00e9es comme une consultation, et les tests et autres ressources sont \u00e0 utiliser sous la seule et enti\u00e8re responsabilit\u00e9 et contr\u00f4le de l\u2019internaute. Le fonds Addict&rsquo;Aide ne pourra en aucun cas \u00eatre tenu pour responsable de dommages de quelque nature que ce soit li\u00e9s \u00e0 la consultation ou \u00e0 l\u2019utilisation du site web par l\u2019utilisateur. Des liens hypertextes peuvent renvoyer vers des sites tiers sur lesquels Addict&rsquo;Aide n\u2019exerce aucun contr\u00f4le. Addict&rsquo;Aide d\u00e9gage toute responsabilit\u00e9 quant au contenu de ces sites. Addict\u2019Aide r\u00e9unit des informations et points de vues vari\u00e9s, aliment\u00e9s par divers contributeurs partenaires, afin d\u2019enrichir le d\u00e9bat sur les addictions ; les contenus publi\u00e9s ne refl\u00e8tent pas n\u00e9cessairement les opinions du Fonds Addict&rsquo;Aide. Cr\u00e9ation Agence web Clair et Net. \/ Paris http:\/\/www.clair-et-net.com 7, rue Sainte F\u00e9licit\u00e9 &#8211; 75015 Paris \u2013 France H\u00e9bergement Le site Addict\u2019Aide est h\u00e9berg\u00e9 aupr\u00e8s de la soci\u00e9t\u00e9 OVH Si\u00e8ge social : 2 rue Kellermann [&hellip;]\" \/>\n<meta property=\"og:url\" content=\"https:\/\/www.addictaide.fr\/pro\/mentions-legales\/\" \/>\n<meta property=\"og:site_name\" content=\"Les addictions en milieu professionnel - Addict&#039;AIDE Pro\" \/>\n<meta property=\"og:image\" content=\"https:\/\/www.addictaide.fr\/pro\/wp-content\/uploads\/sites\/4\/2022\/06\/addictaide-pro.png\" \/>\n\t<meta property=\"og:image:width\" content=\"800\" \/>\n\t<meta property=\"og:image:height\" content=\"450\" \/>\n\t<meta property=\"og:image:type\" content=\"image\/png\" \/>\n<meta name=\"twitter:card\" content=\"summary_large_image\" \/>\n<meta name=\"twitter:label1\" content=\"Dur\u00e9e de lecture estim\u00e9e\" \/>\n\t<meta name=\"twitter:data1\" content=\"2 minutes\" \/>\n<script type=\"application\/ld+json\" class=\"yoast-schema-graph\">{\"@context\":\"https:\\\/\\\/schema.org\",\"@graph\":[{\"@type\":\"WebPage\",\"@id\":\"https:\\\/\\\/www.addictaide.fr\\\/pro\\\/mentions-legales\\\/\",\"url\":\"https:\\\/\\\/www.addictaide.fr\\\/pro\\\/mentions-legales\\\/\",\"name\":\"Mentions l\u00e9gales - Les addictions en milieu professionnel - Addict&#039;AIDE Pro\",\"isPartOf\":{\"@id\":\"https:\\\/\\\/www.addictaide.fr\\\/pro\\\/#website\"},\"datePublished\":\"2022-05-10T13:04:21+00:00\",\"breadcrumb\":{\"@id\":\"https:\\\/\\\/www.addictaide.fr\\\/pro\\\/mentions-legales\\\/#breadcrumb\"},\"inLanguage\":\"fr-FR\",\"potentialAction\":[{\"@type\":\"ReadAction\",\"target\":[\"https:\\\/\\\/www.addictaide.fr\\\/pro\\\/mentions-legales\\\/\"]}]},{\"@type\":\"BreadcrumbList\",\"@id\":\"https:\\\/\\\/www.addictaide.fr\\\/pro\\\/mentions-legales\\\/#breadcrumb\",\"itemListElement\":[{\"@type\":\"ListItem\",\"position\":1,\"name\":\"Accueil\",\"item\":\"https:\\\/\\\/www.addictaide.fr\\\/pro\\\/\"},{\"@type\":\"ListItem\",\"position\":2,\"name\":\"Mentions l\u00e9gales\"}]},{\"@type\":\"WebSite\",\"@id\":\"https:\\\/\\\/www.addictaide.fr\\\/pro\\\/#website\",\"url\":\"https:\\\/\\\/www.addictaide.fr\\\/pro\\\/\",\"name\":\"Les addictions en milieu professionnel - Addict&#039;AIDE Pro\",\"description\":\"Conseils, informations, t\u00e9moignages, actualit\u00e9s... sur les addictions au travail, en entreprises et en milieu professionnel\",\"potentialAction\":[{\"@type\":\"SearchAction\",\"target\":{\"@type\":\"EntryPoint\",\"urlTemplate\":\"https:\\\/\\\/www.addictaide.fr\\\/pro\\\/?s={search_term_string}\"},\"query-input\":{\"@type\":\"PropertyValueSpecification\",\"valueRequired\":true,\"valueName\":\"search_term_string\"}}],\"inLanguage\":\"fr-FR\"}]}<\/script>\n<!-- \/ Yoast SEO plugin. -->","yoast_head_json":{"title":"Mentions l\u00e9gales - Les addictions en milieu professionnel - Addict&#039;AIDE Pro","robots":{"index":"index","follow":"follow","max-snippet":"max-snippet:-1","max-image-preview":"max-image-preview:large","max-video-preview":"max-video-preview:-1"},"canonical":"https:\/\/www.addictaide.fr\/pro\/mentions-legales\/","og_locale":"fr_FR","og_type":"article","og_title":"Mentions l\u00e9gales - Les addictions en milieu professionnel - Addict&#039;AIDE Pro","og_description":"Informations Le site Addict\u2019Aide est \u00e9dit\u00e9 par le fonds de dotation Addict&rsquo;Aide\u2013 http:\/\/actions-addictions.org. Cr\u00e9ation au journal officiel du 2 ao\u00fbt 2014 Adresse : 62 &#8211; 68 rue Jeanne d&rsquo;Arc 75013 Mail : contact@addict-aide.org Conditions d\u2019utilisation La reproduction ou la repr\u00e9sentation des contenus publi\u00e9s sur Addict\u2019Aide doit s\u2019effectuer dans le respect du code de la propri\u00e9t\u00e9 intellectuelle, notamment des r\u00e8gles protectrices des droits d\u2019auteur. Toute r\u00e9utilisation autoris\u00e9e doit porter la mention explicite du nom de l\u2019auteur et\/ou de la source dont le document est tir\u00e9. Cela concerne notamment les textes et images issus de sources ext\u00e9rieures, qui restent la propri\u00e9t\u00e9 intellectuelle de leurs producteurs. Les informations disponibles sur ce site web sont non contractuelles et sujettes \u00e0 modification sans pr\u00e9avis. Les caract\u00e9ristiques et la disponibilit\u00e9 des services mentionn\u00e9s dans ce service web sont valables pour le pays suivant : France. Les informations accessibles sur le site ne peuvent en aucun cas \u00eatre consid\u00e9r\u00e9es comme une consultation, et les tests et autres ressources sont \u00e0 utiliser sous la seule et enti\u00e8re responsabilit\u00e9 et contr\u00f4le de l\u2019internaute. Le fonds Addict&rsquo;Aide ne pourra en aucun cas \u00eatre tenu pour responsable de dommages de quelque nature que ce soit li\u00e9s \u00e0 la consultation ou \u00e0 l\u2019utilisation du site web par l\u2019utilisateur. Des liens hypertextes peuvent renvoyer vers des sites tiers sur lesquels Addict&rsquo;Aide n\u2019exerce aucun contr\u00f4le. Addict&rsquo;Aide d\u00e9gage toute responsabilit\u00e9 quant au contenu de ces sites. Addict\u2019Aide r\u00e9unit des informations et points de vues vari\u00e9s, aliment\u00e9s par divers contributeurs partenaires, afin d\u2019enrichir le d\u00e9bat sur les addictions ; les contenus publi\u00e9s ne refl\u00e8tent pas n\u00e9cessairement les opinions du Fonds Addict&rsquo;Aide. Cr\u00e9ation Agence web Clair et Net. \/ Paris http:\/\/www.clair-et-net.com 7, rue Sainte F\u00e9licit\u00e9 &#8211; 75015 Paris \u2013 France H\u00e9bergement Le site Addict\u2019Aide est h\u00e9berg\u00e9 aupr\u00e8s de la soci\u00e9t\u00e9 OVH Si\u00e8ge social : 2 rue Kellermann [&hellip;]","og_url":"https:\/\/www.addictaide.fr\/pro\/mentions-legales\/","og_site_name":"Les addictions en milieu professionnel - Addict&#039;AIDE Pro","og_image":[{"width":800,"height":450,"url":"https:\/\/www.addictaide.fr\/pro\/wp-content\/uploads\/sites\/4\/2022\/06\/addictaide-pro.png","type":"image\/png"}],"twitter_card":"summary_large_image","twitter_misc":{"Dur\u00e9e de lecture estim\u00e9e":"2 minutes"},"schema":{"@context":"https:\/\/schema.org","@graph":[{"@type":"WebPage","@id":"https:\/\/www.addictaide.fr\/pro\/mentions-legales\/","url":"https:\/\/www.addictaide.fr\/pro\/mentions-legales\/","name":"Mentions l\u00e9gales - Les addictions en milieu professionnel - Addict&#039;AIDE Pro","isPartOf":{"@id":"https:\/\/www.addictaide.fr\/pro\/#website"},"datePublished":"2022-05-10T13:04:21+00:00","breadcrumb":{"@id":"https:\/\/www.addictaide.fr\/pro\/mentions-legales\/#breadcrumb"},"inLanguage":"fr-FR","potentialAction":[{"@type":"ReadAction","target":["https:\/\/www.addictaide.fr\/pro\/mentions-legales\/"]}]},{"@type":"BreadcrumbList","@id":"https:\/\/www.addictaide.fr\/pro\/mentions-legales\/#breadcrumb","itemListElement":[{"@type":"ListItem","position":1,"name":"Accueil","item":"https:\/\/www.addictaide.fr\/pro\/"},{"@type":"ListItem","position":2,"name":"Mentions l\u00e9gales"}]},{"@type":"WebSite","@id":"https:\/\/www.addictaide.fr\/pro\/#website","url":"https:\/\/www.addictaide.fr\/pro\/","name":"Les addictions en milieu professionnel - Addict&#039;AIDE Pro","description":"Conseils, informations, t\u00e9moignages, actualit\u00e9s... sur les addictions au travail, en entreprises et en milieu professionnel","potentialAction":[{"@type":"SearchAction","target":{"@type":"EntryPoint","urlTemplate":"https:\/\/www.addictaide.fr\/pro\/?s={search_term_string}"},"query-input":{"@type":"PropertyValueSpecification","valueRequired":true,"valueName":"search_term_string"}}],"inLanguage":"fr-FR"}]}},"_links":{"self":[{"href":"https:\/\/www.addictaide.fr\/pro\/wp-json\/wp\/v2\/pages\/2232","targetHints":{"allow":["GET"]}}],"collection":[{"href":"https:\/\/www.addictaide.fr\/pro\/wp-json\/wp\/v2\/pages"}],"about":[{"href":"https:\/\/www.addictaide.fr\/pro\/wp-json\/wp\/v2\/types\/page"}],"author":[{"embeddable":true,"href":"https:\/\/www.addictaide.fr\/pro\/wp-json\/wp\/v2\/users\/2"}],"replies":[{"embeddable":true,"href":"https:\/\/www.addictaide.fr\/pro\/wp-json\/wp\/v2\/comments?post=2232"}],"version-history":[{"count":0,"href":"https:\/\/www.addictaide.fr\/pro\/wp-json\/wp\/v2\/pages\/2232\/revisions"}],"wp:attachment":[{"href":"https:\/\/www.addictaide.fr\/pro\/wp-json\/wp\/v2\/media?parent=2232"}],"curies":[{"name":"wp","href":"https:\/\/api.w.org\/{rel}","templated":true}]}}